18)?
131
Suppose 0 = 2*a + 3*a - k - 7, -2*a + 13 = 3*k. Suppose a*r - 16 = 2*s, 0 = 3*s - 5*r + 23 + 11. List the prime factors of 124/12 + (-2)/s.
11
Let o = -1 - -6. Let l(c) = -c**2 + 7*c + 2. List the prime factors of l(o).
2, 3
Let i(z) be the third derivative of z**6/120 + z**5/15 - 5*z**4/24 + z**3 + z**2. What are the prime factors of i(-5)?
2, 3
Suppose -2*x - 65 = -3*x. Let d = x - 31. Suppose -2*z + d = -0*z. What are the prime factors of z?
17
Suppose -1 - 4 = -a. Suppose a*h = 2*h. Suppose -j + 0*j - 4 = h, -5*y + 2*j = -33. List the prime factors of y.
5
Let b(u) = -u**2 + 8*u + 3. Let q be b(9). Let m be ((-18)/2)/(6/q). Let t = -2 + m. What are the prime factors of t?
7
Let h be (3/(-3) - 1)/2. Let r be h*(-1 - -1) + 2. What are the prime factors of 5 - (2 - (r + 1))?
2, 3
Let h(s) = 3*s - 9. Let q be (-2)/(-4)*7*2. What are the prime factors of h(q)?
2, 3
Suppose -3*p + 4*z + 155 = 0, -4*z - 8 = -0. Suppose 25 = m + 2*n + 2, 0 = -3*m - 2*n + p. What are the prime factors of m?
13
Suppose -b - 2 = -6. Let y = b + 0. What are the prime factors of y?
2
Let n = -51 + 77. What are the prime factors of n?
2, 13
Let h be 1*-9 + (1 - 0). Let u = -5 - h. List the prime factors of u.
3
Let i(b) = -3*b. Let s(m) = -m**3 + 7*m**2 - 2. Let x be s(7). What are the prime factors of i(x)?
2, 3
Suppose -74*g + 70*g = -852. What are the prime factors of g?
3, 71
List the prime factors of 1*(-3 + (-204)/(-3)).
5, 13
Suppose 4*n - 4*a - 304 = 0, -3*n - 4*a = a - 212. List the prime factors of n.
2, 37
Let w be (9/(-4))/((-3)/12). Let z = -4 - -3. Let g = w + z. List the prime factors of g.
2
Let k = -36 - -66. Suppose 3*u = 3*c - 0*u + 3, -3*u + 15 = 3*c. Suppose c*n + n = k. List the prime factors of n.
2, 5
Let c = -4 + 7. Let w(n) = -3*n - 5*n + 4*n + c*n. List the prime factors of w(-3).
3
Suppose 2*z + 67 = 4*z - 3*q, 4*z - 5*q - 131 = 0. What are the prime factors of z?
29
Let k = 1 - -14. Suppose 0 = 3*f + n - 46, 0*n + k = -3*n. Let r = f + 1. What are the prime factors of r?
2, 3
Suppose 19 = 4*o + 3*p, -4*o - p + 15 = -2*p. Let w(h) = h**3 - 3*h**2 - 2*h - 3. Let b be w(o). Suppose -7 = b*d - 67. List the prime factors of d.
2, 3
Suppose -10 = -3*m + 101. What are the prime factors of m?
37
Suppose 5*b = 5*v + 20, -2*b + 30 = -5*v + b. List the prime factors of 23/3 - (-6)/v.
7
Suppose 2*n + 2*n = 212. What are the prime factors of n?
53
What are the prime factors of 126 + (1 - 16/4)?
3, 41
List the prime factors of (-303)/3*-2 - 4.
2, 3, 11
Let n = 42 + 48. What are the prime factors of n?
2, 3, 5
What are the prime factors of (-6)/(-33) + (-832)/(-22)?
2, 19
Let f(j) be the third derivative of j**4/6 + j**3/6 + 2*j**2. Let m be f(4). Suppose -s + 5*k - m = 0, -5*s = k - 4*k - 3. What are the prime factors of s?
3
Suppose y - s - 36 + 8 = 0, 0 = -3*y - 3*s + 84. List the prime factors of y.
2, 7
Let k(o) = -5*o - 3. Let t be k(-2). List the prime factors of t/(14/116) - -2.
2, 3, 5
Suppose -s + 116 = 2*s - k, k = 2*s - 79. Suppose -5*m + 13 + s = 0. What are the prime factors of m?
2, 5
Let m(q) = -q**3 + 5*q**2 + 2*q - 5. List the prime factors of m(4).
19
Suppose 5*o + 3*j = 156 + 225, 0 = -4*o - 2*j + 304. List the prime factors of o.
3, 5
Let q = -230 + 392. List the prime factors of q.
2, 3
Let n(d) = -257*d**3 + d**2 - d - 1. What are the prime factors of n(-1)?
2, 3, 43
Let d = -75 + 223. List the prime factors of d.
2, 37
Let u = 58 - 12. List the prime factors of u.
2, 23
Let g(t) = 8*t - 1. Suppose 3*b - 5*k = -14, 2*b + 5*k - 23 - 1 = 0. List the prime factors of g(b).
3, 5
Let u = 105 + 97. What are the prime factors of u?
2, 101
Let o = 52 - 27. Suppose 0 = z - f, 2*z - 3*z - 4*f + o = 0. Let x = z + -1. What are the prime factors of x?
2
Let y = -9 + 17. Let k be (26/y)/((-5)/(-20)). Suppose -k = i - 2*i. List the prime factors of i.
13
Suppose 7*h - 8*h = -116. List the prime factors of h.
2, 29
Let d = 3 - 5. List the prime factors of 6/(-9)*51/d.
17
Let h = -3 - -10. Let p be (-12)/(-14)*h*1. List the prime factors of 2 + (-3)/p*-6.
5
Let x = 4 + 1. Suppose 5*i - 19 = i + x*p, 0 = i + p - 7. Suppose i = -3*d + 30. List the prime factors of d.
2
Suppose i - 164 = -2*w - 0*i, -w - 2*i = -76. List the prime factors of w.
2, 3, 7
Suppose 8 = 2*r + 2*r. Suppose 4*d + 13 - 141 = -4*p, 4*p - 74 = -r*d. What are the prime factors of d?
3
Let b = 25 + -9. What are the prime factors of b?
2
Let x(q) = 5*q**2 - 3*q - 26. What are the prime factors of x(-5)?
2, 3, 19
Suppose -n = 4*v - 2*n - 135, 3*n - 120 = -3*v. What are the prime factors of v?
5, 7
Suppose -2*x + 100 = -5*o, 2*x = 6*x - 3*o - 200. What are the prime factors of x?
2, 5
Suppose 9 = 2*c - 7. Let s(t) = t**3 + 4*t**2 - 6*t - 2. Let u be s(-5). Suppose 55 = c*j - u*j. List the prime factors of j.
11
Let s = 7 - -76. What are the prime factors of s?
83
List the prime factors of 0 - 6*(1 - 6).
2, 3, 5
Let f(t) = t**2 + 1. What are the prime factors of f(-4)?
17
List the prime factors of ((-14)/5)/((-3)/15).
2, 7
What are the prime factors of -3 + (-30)/(-3) - (0 + 1)?
2, 3
Suppose 2*g - 53 = -z, -2*z + 0*g = -3*g - 99. List the prime factors of z.
3, 17
Let z = -278 - -439. List the prime factors of z.
7, 23
Suppose 3*k - 170 - 19 = 0. What are the prime factors of k?
3, 7
Let t(h) = h + 5. Let u be t(-3). Let p(s) = -2*s**2 + 3*s. Let w be p(u). What are the prime factors of (-4)/((-16)/(-30))*w?
3, 5
Let k(s) = -12*s - 1. Let j be k(-3). Suppose 0 - 27 = -3*a + z, 0 = -4*a + z + j. List the prime factors of a.
2
Let p(l) = -l**3 + l**2 + 1. Let k(m) = m**3 + 3*m**2 - m. Let d(r) = -k(r) - 2*p(r). Let a be d(5). Suppose 9 = 3*o + a. What are the prime factors of o?
2
What are the prime factors of -13*20/(-4) - -3?
2, 17
List the prime factors of 504/10 + (-10)/25.
2, 5
Let o(d) = -d**2 + 6. Let t be o(6). List the prime factors of (-1)/3 + (-520)/t.
17
Let a(v) = -6*v + 2. Let g be a(-3). Let x = -80 - -80. Let c = g + x. List the prime factors of c.
2, 5
Suppose -4*t - 3*q + 23 - 1 = 0, -5*q + 18 = 2*t. Suppose -25 = 5*o, -t*o = -3*u - o + 30. List the prime factors of u.
5
Let r(u) = -2*u**2 + 3*u + 6. Let b(o) = -o**2 + o + 3. Let n(x) = 5*b(x) - 3*r(x). Suppose -h - 20 = -5*h. List the prime factors of n(h).
2
Suppose 4*p + 5*m + 0*m - 102 = 0, 0 = 2*m + 4. Let q = p + -42. Let f = q - -22. What are the prime factors of f?
2
Let i be 1*-1*(0 - -1). Let x = 42 - 23. Let u = x + i. What are the prime factors of u?
2, 3
Suppose -3*y = 5*m - 15, 6*y - y + 9 = 3*m. Suppose 2*v - m*v + 1 = -2*w, -3*w + v = 0. List the prime factors of (-9)/(-3) + w - -2.
2, 3
Let w = -11 - -25. Suppose m + 4*n - 23 = 0, 4*n = -4*m + w + 18. Suppose -m*r + 8 = -1. What are the prime factors of r?
3
Let k be (62/20 - 18/30)*2. Let j(z) = z**3 + 3*z**2 + 7. Let y(m) = m**3 - m**2 - m + 1. Let b(f) = j(f) - 2*y(f). What are the prime factors of b(k)?
3, 5
Let z = -51 + 94. List the prime factors of z.
43
Let a(i) = i - 1 + 6 + 3. Let h(x) = x + 7. Let y(m) = -4*a(m) + 5*h(m). What are the prime factors of y(5)?
2
Suppose 0 = 8*w + 8*w - 3296. What are the prime factors of w?
2, 103
Let z be (-4 + 8)/(2/(-1)). Let a = z - -3. List the prime factors of (10 + -1)/a + -1.
2
Let r = 231 + -328. Let j = -65 - r. List the prime factors of j.
2
Let i(j) = 1 + 2 - 3 + 4*j. List the prime factors of i(5).
2, 5
Suppose 6*f - 10*f = -24. Suppose -f*c + c + 22 = h, 4*h - 70 = -2*c. What are the prime factors of h?
17
Let r be (-1)/((-3)/(-2) + -2). Suppose -b = -3*c - 9, -2*c = -b + r*b + 1. What are the prime factors of b?
3
Let r(b) = 33*b**2 + b - 2. List the prime factors of r(1).
2
Let y(t) = t + 52. List the prime factors of y(0).
2, 13
Suppose 26 = -3*l + 98. List the prime factors of l.
2, 3
Let g = 218 + -334. Let y be (-1 + 0)/(4/g). Suppose -3*k - 11 = -y. What are the prime factors of k?
2, 3
Let y = 135 - 57. What are the prime factors of y?
2, 3, 13
Let h(b) = -b**3 + b**2 - b - 2. List the prime factors of h(-4).
2, 41
Suppose -1177 = -8*k - 401. What are the prime factors of k?
97
Let x be (0/(-1))/3 + -2. Let i = 7 + x. List the prime factors of 1 - -9 - (i - 4).
3
Let g be (-24)/(-40)*(4 + 1). Suppose 6 = 3*u - g. What are the prime factors of u?
3
Suppose 4*c + 65 = -c. Let u =